) to base 14
-5a4140
-4512533 (base 6) to base 10
-227433
What is -41468a (base 11) in base 5?
-132234433
-182a09 (base 14) to base 3
-1121022120010
-7bb46 (base 16) to base 13
-149826
12410220010 (base 5) to base 2
111010011100001111000101
What is 3366543 (base 8) in base 7?
10521022
What is 3041022004 (base 5) in base 15?
823ba4
-10303010310 (base 4) to base 3
-2100220100110
-553525540 (base 6) to base 15
-d222a9
-302203201 (base 4) to base 6
-4234401
4f041 (base 16) to base 8
1170101
What is 340500454 (base 6) in base 4?
113221012102
Convert 289b740 (base 12) to base 7.
126303144
Convert -4a2b6 (base 15) to base 5.
-30034441
Convert -165312131 (base 7) to base 5.
-10401113013
What is -a37881 (base 13) in base 6?
-213440041
5a5992 (base 11) to base 8
3522026
What is -210222010 (base 3) in base 9?
-23863
Convert -39ccd (base 16) to base 6.
-5024021
What is -113023123 (base 4) in base 5?
-11014224
What is -35151665 (base 8) in base 12?
-2692931
Convert -100001000111011010101 (base 2) to base 16.
-108ed5
What is -9e84c (base 16) in base 4?
-2132201030
What is 41613341 (base 8) in base 16?
8716e1
Convert -5051575 (base 9) to base 14.
-500a96
Convert 67884 (base 9) to base 3.
2021222211
What is 142b237 (base 12) in base 9?
7540667
193829 (base 10) to base 2
101111010100100101
What is -173cc (base 15) in base 3?
-10211001010
-1000001010110010110001 (base 2) to base 7
-24126015
Convert -10010001110111111001 (base 2) to base 3.
-1010100121112
-200332001 (base 4) to base 12
-66195
Convert -148687 (base 14) to base 2.
-10101110011111101111
144461652 (base 7) to base 5
4430040002
Convert 11a4655 (base 11) to base 4.
13331010030
Convert 888963 (base 10) to base 2.
11011001000010000011
Convert -1010021222 (base 3) to base 2.
-101011001000101
-607519 (base 11) to base 16
-ee578
26011112 (base 7) to base 10
2355782
What is -1001002231 (base 4) in base 3?
-111112110011
What is 44472 (base 10) in base 16?
adb8
What is -6334653 (base 8) in base 5?
-412422211
Convert 81d28a (base 14) to base 12.
1571122
831126 (base 11) to base 8
5055063
What is 2b4b18 (base 12) in base 5?
141444101
What is -baa676 (base 15) in base 12?
-2b8b3b6
Convert -10499403 (base 10) to base 5.
-10141440103
-1032130203 (base 4) to base 11
-1aa455
Convert -30584 (base 14) to base 8.
-343170
What is -151238 (base 11) in base 15?
-49d4a
What is 11470382 (base 9) in base 6?
315543202
402303143 (base 5) to base 6
54211500
What is -598a6a (base 11) in base 6?
-32201154
32133001101 (base 4) to base 7
44163120
Convert 380239 (base 10) to base 14.
9c7dd
Convert -5a188 (base 14) to base 8.
-655274
13421330310 (base 5) to base 6
1420151533
-110501222 (base 7) to base 11
-3848445
Convert 103446061 (base 7) to base 3.
102122211020201
Convert 101020201202 (base 3) to base 15.
3eb92
What is 576ee4 (base 16) in base 6?
322451512
What is -14134140 (base 7) in base 5?
-314211343
Convert 5a85c (base 16) to base 6.
11540324
-25ee7b (base 16) to base 5
-1114022013
Convert -75518 (base 9) to base 5.
-3044434
-61574 (base 15) to base 10
-308359
What is 29b677 (base 12) in base 9?
1283041
564832 (base 15) to base 6
224115232
Convert -43556551 (base 7) to base 11.
-2129059
1134002331 (base 5) to base 7
31306416
Convert 275258 (base 11) to base 12.
1898a5
4186232 (base 10) to base 16
3fe078
What is -157727 (base 8) in base 11?
-3a064
-21210001202212 (base 3) to base 2
-1111110001011101000010
-3c9bd (base 15) to base 7
-1440166
-9d70 (base 14) to base 2
-110101011001110
Convert 1113033 (base 5) to base 16.
4d38
-272623 (base 8) to base 3
-11212012001
What is 9e91d (base 16) in base 7?
5343406
What is -131332010211 (base 4) in base 14?
-10871ad
What is -81c25 (base 14) in base 16?
-4c489
Convert -32280 (base 14) to base 16.
-1d998
What is 10421a (base 15) in base 7?
6400444
Convert 1200160 (base 8) to base 15.
671cc
266101 (base 8) to base 7
535602
What is -bb332 (base 16) in base 9?
-1387726
What is 3179a47 (base 12) in base 15?
c50edd
What is 47615 (base 11) in base 2?
10000110000001111
82e0b6 (base 15) to base 9
12635240
Convert -601d3 (base 16) to base 5.
-100044213
Convert 636 (base 7) to base 5.
2241
22221101110 (base 3) to base 8
527543
What is 4452030 (base 9) in base 10?
2396250
11141365 (base 7) to base 5
221440030
What is -1322112 (base 6) in base 8?
-216534
-2033034000 (base 5) to base 12
-14a0843
Convert -4343333 (base 8) to base 7.
-12621362
Convert -1590417 (base 10) to base 16.
-184491
What is -2261178 (base 10) in base 3?
-11020212202100
3313591 (base 11) to base 5
2442122200
-12033123 (base 4) to base 10
-25563
What is -38aac (base 14) in base 8?
-420060
Convert -2103071 (base 8) to base 5.
-120334044
-3821664 (base 10) to base 4
-32211001200
Convert 1042c53 (base 13) to base 3.
100022100202100
Convert a26063 (base 12) to base 15.
3529e0
-487058 (base 9) to base 5
-33400330
What is -2b7d01 (base 14) in base 5?
-342114411
What is 111001100001101010001111 (base 2) in base 10?
15080079
What is 10221000101001 (base 3) in base 5?
1013233134
-b12b (base 16) to base 4
-23010223
-37257 (base 15) to base 13
-6217c
200120002200200 (base 3) to base 4
211213333221
What is -34143223 (base 5) in base 9?
-511487
What is -471766 (base 8) in base 16?
-273f6
What is -36565a (base 16) in base 15?
-4a51d5
Convert -41537 (base 9) to base 2.
-110101100010100
118893 (base 13) to base 8
1462126
Convert 31112131110 (base 4) to base 15.
491ee0
What is 166802 (base 9) in base 3?
12020220002
-79a59 (base 14) to base 11
-192140
Convert 201444433 (base 5) to base 4.
3012113031
What is -1100001111101110 (base 2) in base 8?
-141756
Convert -11001011011011101 (base 2) to base 16.
-196dd
Convert 23634306 (base 7) to base 14.
3ccb3d
100f9 (base 16) to base 7
362536
What is -3aa714 (base 13) in base 15?
-1d17de
-18248 (base 14) to base 11
-41775
What is -4002421 (base 5) in base 15?
-1395b
What is b517 (base 12) in base 10?
19747
-1011111110111111111001 (base 2) to base 6
-151200321
Convert 1201021111220 (base 3) to base 5.
213122041
1121200212122 (base 3) to base 14
18565b
What is -11011000111100000000 (base 2) in base 5?
-211413301
What is de4426 (base 16) in base 9?
30361351
110951 (base 11) to base 15
375e2
Convert 841439 (base 14) to base 16.
440d3b
-115429 (base 12) to base 4
-1010010201
Convert 5a2516 (base 14) to base 11.
181396a
What is 93557 (base 14) in base 15?
702dd
What is 274963 (base 10) in base 13?
98200
Convert -1643050 (base 7) to base 3.
-102122100101
2010202101221 (base 3) to base 2
100010101100010100110
Convert -100211200110 (base 3) to base 13.
-6a209
What is 543502 (base 6) in base 10?
44894
Convert 43252022 (base 6) to base 3.
2102010211112
7606207 (base 8) to base 9
3741224
What is -31303222202 (base 4) in base 13?
-999614
Convert 14126 (base 13) to base 8.
111256
1111202130 (base 4) to base 6
11302020
Convert 2cf5f (base 16) to base 6.
3540331
What is -2631163 (base 7) in base 12?
-146b44
What is d65a (base 16) in base 3?
2210021101
1f8b3 (base 16) to base 4
133202303
33a7a9 (base 16) to base 6
200320253
What is 450311445 (base 6) in base 7?
126133661
1233602 (base 10) to base 16
12d2c2
What is 120a594 (base 11) in base 2?
1000000010100100100001
What is 21201311 (base 5) in base 13?
6322a
What is 804502 (base 10) in base 9?
1455511
What is 7da5 (base 15) in base 9?
40562
What is 5428ba (base 16) in base 15?
73e31a
Convert -15326354 (base 7) to base 10.
-1469255
Convert 455455132 (base 6) to base 11.
4810704
Convert -13763b (base 14) to base 9.
-1235783
What is -103d54 (base 15) in base 5?
-144210004
450520 (base 7) to base 11
547a6
5302347 (base 8) to base 5
330112104
-6a406 (base 11) to base 9
-164380
Convert 1101101101001010111011 (base 2) to base 14.
697511
-2413555 (base 9) to base 8
-4773171
-81852 (base 11) to base 5
-12310414
55459 (base 10) to base 9
84061
Convert 115ab27 (base 12) to base 10.
3357391
Convert -10101001110101001111111 (base 2) to base 13.
-11cb042
-2020201000112 (base 3) to base 2
-100100011101101011101
What is 5320 (base 10) in base 3?
21022001
-130253644 (base 7) to base 8
-37460444
Convert -bbcc5 (base 14) to base 10.
-455285
What is 487a36 (base 11) in base 12?
31284a
212311203323 (base 4) to base 3
201011020111212
What is -13095b6 (base 12) in base 16?
-39341a
100000000100